 l?
9
Let t = -22 - -22. Suppose 2*i - 6 - 14 = t. What is the units digit of i?
0
Let z(d) = d**2 - 3*d + 10. Let q be z(8). Let x be -11 + (1 - (-2 + 0)) + -3. Let k = x + q. What is the tens digit of k?
3
What is the hundreds digit of (-1392)/(-2*(-7)/(-14))?
3
Suppose 5*j = -5*j + 6000. What is the hundreds digit of j?
6
Let r = 49 - 26. Suppose 6*z = z + 100. Let t = z + r. What is the units digit of t?
3
Suppose 2*b + 5*j + 0*j = 33, 5*j = 5*b - 65. Suppose 5*v = -4 + b. Suppose -q + 81 = v*q. What is the tens digit of q?
2
Suppose 5*c - 9 - 1 = 0. Let k = 70 - c. What is the tens digit of k?
6
Let q be 1 - ((4 - 3) + 2). Let d be 5*q/(3 + -2). What is the tens digit of 1/5 + (-118)/d?
1
Suppose -2*f + 10 = 3*f. Suppose f = -3*d + 4*d. Suppose 0 = -y - 4*u + 55, -d*u = u - 15. What is the units digit of y?
5
Suppose 4 = -c, 2*l + 4*c + 22 = -0*c. What is the hundreds digit of 189 + -1 + l/(-3)?
1
Suppose 0 = -6*g + 7*g - 46. Suppose -g = -4*i - 154. Let q = 50 + i. What is the tens digit of q?
2
Let w(q) = -11*q - 6. Let h be w(-3). Suppose -5*s + 3*c = -205, c = 2*s - 5*s + 123. Let m = s - h. What is the units digit of m?
4
Suppose -11*l = -13*l - 4. What is the hundreds digit of (2296/(-12))/(l/3)?
2
Let r be (-78)/(-4)*6/(-9). Let i = r + 17. Suppose 0 = -i*w - 2*g + 20, 0*g + 2*g = -8. What is the units digit of w?
7
Let s = -526 + 1229. What is the hundreds digit of s?
7
Let x(h) = 7*h**2 - 51*h - 17. What is the tens digit of x(9)?
9
Suppose 0 = 3*n + 7 + 2. Let a be 36/(1 - -2)*2/6. What is the units digit of 6*n*a/(-12)?
6
Let r(g) = -g + 4. Let k be r(0). Suppose k*v + 0*v = 96. Suppose -3*y = -v - 33. What is the units digit of y?
9
Suppose 0 = -2*x - 3*x + s + 5, -2*s = -5*x + 5. Let y(r) = 219*r**2 + r. What is the tens digit of y(x)?
2
Suppose -6*p = -2*p - 2692. Suppose 15*x - p = -193. What is the units digit of x?
2
Let a(n) = 13*n**2 - 2*n - 2. Let h be a(3). Suppose -4*z - 3 + 107 = -5*b, 0 = 3*z + 4*b - h. What is the tens digit of z?
3
Let w(b) = 212*b + 13. What is the tens digit of w(1)?
2
Suppose -f - 2*f - 2*r = -241, 0 = 3*f + 3*r - 240. What is the units digit of f?
1
Let k = 6 + -8. Let y be -12*(-45 + (k - -1)). What is the tens digit of ((-2)/8)/((-6)/y)?
2
Let i be (-2 + 2 + 4)/1. Suppose 2 = 3*p - i. Suppose 5*y - p*c = 52 + 2, 2*c = -3*y + 26. What is the tens digit of y?
1
Suppose -5*q - 3227 = -6*q - 3*c, 0 = -c - 1. What is the tens digit of q?
3
Suppose 1182 = -2*g - 4*g. Let h = 295 + g. Suppose -5*j + 104 = 2*r, 0 = -2*j - 3*j - 4*r + h. What is the tens digit of j?
2
Let h(j) = -j**2 - 12*j - 3. Suppose 0*y = -4*y + 40. Suppose 0 = -2*n - 5*o - y, 5*n - o + 60 = 4*o. What is the units digit of h(n)?
7
Let t = -75 + 355. What is the hundreds digit of t?
2
Suppose -2*a - 3*v = -51 - 2, -a + 4*v = -10. Let x = -6 + a. Suppose 0 = b - 5*b + x. What is the units digit of b?
4
Suppose 35*q - 58*q + 9775 = 0. What is the units digit of q?
5
Let h = 392 - 275. Let z = -80 + h. What is the tens digit of z?
3
What is the hundreds digit of (196*(1 + -2))/(-1)?
1
Let o be (-61)/((-8)/(-18)*(-1)/8). Suppose -12*d + o = -3*d. What is the tens digit of d?
2
Let f(i) = 180*i - 3. Let o be f(1). Suppose -915 = -6*p + o. What is the hundreds digit of p?
1
Let v = -11 + 13. Suppose v*s + s + n = 543, 2*n = -3*s + 543. What is the tens digit of s?
8
Suppose 3*f - 5986 = -523. What is the thousands digit of f?
1
Let n(g) be the first derivative of -g**4/4 + 8*g**3/3 + g**2/2 + 2*g - 8. What is the tens digit of n(8)?
1
Suppose b - 6*b - 25 = r, -3*r - 20 = 4*b. Suppose u = -j + 16, -3*j - j + 20 = r. What is the units digit of u?
1
Suppose -3*b = -3*h - 3267, -5*b - 2*h - 3*h + 5395 = 0. What is the tens digit of b?
8
Let t(b) be the second derivative of -3*b**3/2 + 3*b**2/2 + 2*b. What is the units digit of t(-3)?
0
What is the units digit of 1 - 35/25 - (-681)/15?
5
Let w be 2/((2/15)/1). Let k(y) = -21*y**2 - 49 + y**3 - 15*y + 38 + y + 7*y**2. What is the units digit of k(w)?
4
Let r = -37 + 41. Suppose -k - 73 = -r*p + 123, 2*p - 98 = 3*k. What is the units digit of (-2)/(-7) + 476/p?
0
Let z be -3 + 6/(-2) + 6. Suppose 0*t + 2*t - 6 = z. Suppose 12 = 5*u - t. What is the units digit of u?
3
Let k(i) = 2*i**3 - 39*i**2 + 24*i - 83. What is the hundreds digit of k(20)?
7
Let o(m) = m - 15. Let r(w) = -2*w + 31. Let q(b) = 13*o(b) + 6*r(b). Let v be q(11). What is the tens digit of 23*2/v + 2?
2
Let k be 21/2*(-72)/(-42). Let q = k + -15. Let z = 1 + q. What is the units digit of z?
4
Suppose -4*y + 3 = k, 3*k = 2*y + 7*k + 2. Let c(b) = 191*b**2 + 1. Let d be c(y). Suppose -8 = 4*l - d. What is the units digit of l?
6
Suppose 0 = -2*j - 2*u + 150, 10 = -2*j + 2*u + 144. Let o = -23 + j. What is the tens digit of o?
4
Let b(g) = -g**2 - 13*g - 18. Let m(y) = 14*y**2 - 10*y**2 - 3*y + 7*y**3 - 2 - 6*y**2. Let p be m(-1). What is the units digit of b(p)?
2
Let j = 1064 - 353. Suppose 4*c - j - 161 = 0. What is the units digit of c?
8
Let t(c) = 433*c - 971. What is the thousands digit of t(10)?
3
Suppose 0 - 25 = -5*t. Suppose t*d + 2*p - 30 = 0, -2*d + 0*d - 3*p + 23 = 0. Suppose -f + u = -23, 0 = d*f - u - 0*u - 107. What is the units digit of f?
8
Suppose -2180 = -7*y - 3*y. Suppose -27*i = -28*i + y. What is the tens digit of i?
1
Let a = -79 - -110. What is the tens digit of a?
3
What is the tens digit of (-9304)/(-10) + (-472)/(-295)?
3
Let h(u) = -172*u + 479. What is the thousands digit of h(-17)?
3
Let g(j) = 89*j - 228. What is the tens digit of g(11)?
5
Let z = -605 - -1105. What is the hundreds digit of z?
5
Suppose 6*b - 30 = 42. Suppose 0*n - 4*n = -b, 3*n = 2*k - 117. What is the units digit of k?
3
Suppose -9*z = 18*z - 5859. What is the units digit of z?
7
Suppose 27*n - 29*n + 136 = 0. Suppose -3*j + n = -76. What is the units digit of j?
8
Let k = 1412 + -476. What is the units digit of k?
6
Let i(l) = l**2 - 47*l + 30. What is the tens digit of i(-16)?
3
Let l(w) = w - 8. Suppose 1 = -6*q + 73. What is the units digit of l(q)?
4
Suppose -2*h = -5*y + 17572, 0 = -2*y + 4*y + h - 7027. What is the thousands digit of y?
3
Let s = 18 + -16. What is the units digit of 3/6*0 - (s + -23)?
1
Suppose 0*b + b - 2 = 0. Suppose a - 114 = -2*a + 5*i, b*i - 27 = -a. Let v = a + -18. What is the units digit of v?
5
Let c(k) = -56*k - 35. What is the tens digit of c(-32)?
5
Let o(c) = -c + 35. What is the units digit of o(3)?
2
Suppose 0 = 2*n + 5*q - 512 - 620, -1748 = -3*n + 5*q. What is the tens digit of n?
7
Suppose 5*o - 2 = 2*k - 1, 0 = o + 5*k + 16. What is the units digit of (-1050)/56*(o + -3)?
5
Let y be 167/3 + (-68)/(-51). Let z(j) = 2*j + 10. Let a be z(-5). Suppose a*w - y = -w. What is the units digit of w?
7
Let h(l) = -3*l - 20. Let a(x) = 14*x + 101. Let o(c) = 2*a(c) + 11*h(c). What is the units digit of o(-18)?
2
Suppose -2*v + 109 = 41. Let w = 26 + v. Suppose d - 7*d = -w. What is the tens digit of d?
1
Suppose -4*g + 201 = -207. Let l be (g/(-9))/(6/9). Let w = l + 29. What is the units digit of w?
2
Let m(i) = i**2 + 3*i + 5. Let s be m(0). What is the units digit of (-470)/2*((-17)/s + 3)?
4
Let r = 2282 - 1575. What is the units digit of r?
7
Let g be 16/(-24)*(-108)/2. What is the tens digit of (3/(-2))/((-1)/g)?
5
Suppose 3*v + 26 = 3*b + 143, -4*b + 16 = 0. What is the units digit of v?
3
Let h(u) = -2*u**2 - u - 9. Let r be h(5). Let t = r - -113. What is the tens digit of t?
4
Suppose -3*m - 11 + 8 = 0. Let h be -14 - -14 - m/1. Suppose -101 - h = -2*x. What is the units digit of x?
1
What is the hundreds digit of (-1 + (-3132)/10)*(-17 - -12)?
5
Let n(q) = 80*q**2 - 6*q + 31. What is the thousands digit of n(-4)?
1
Suppose 5*h = -2*x - 1 + 10, -3*h + x + 12 = 0. Suppose -h*g + 38 - 164 = 0. What is the tens digit of (g/(-9))/((-5)/(-15))?
1
Let l(s) = s**3 - 2*s - 5. Let d = 30 + -26. Let h be l(d). What is the units digit of h/(-3)*(0 - 3)?
1
Let x(s) = -3 + 4*s**3 + 3*s - 19*s**2 + 0*s - 3*s**3 - 25. What is the units digit of x(19)?
9
Let l(y) = -y**3 - 4*y**2 + 4*y. Suppose -2 = -2*o - 18. Let f(n) = 3*n**3 + 12*n**2 - 11*n + 1. Let h(m) = o*l(m) - 3*f(m). What is the tens digit of h(-5)?
1
Suppose 3*j = -0*j + 15. Suppose 3*d + j*w = 142, -4*d - w + 228 = -4*w. Let n = d +